{"id":9669,"date":"2014-08-30T08:31:31","date_gmt":"2014-08-30T12:31:31","guid":{"rendered":"https:\/\/ellad2.com\/italiano\/?post_type=product&#038;p=9669"},"modified":"2021-04-07T12:06:25","modified_gmt":"2021-04-07T17:06:25","slug":"tutorial-ciondolo-whimsical","status":"publish","type":"product","link":"https:\/\/ellad2.com\/italiano\/product\/tutorial-ciondolo-whimsical\/","title":{"rendered":"Tutorial Ciondolo Whimsical"},"content":{"rendered":"<p>Ciondolo Whimsical<\/p>\n<p>\u00e8 un bellissimo ciondolo a forma di fiore.<\/p>\n<p>Per farlo \u00e8 necessario avere familiarit\u00e0 con la tecnica peyote.<\/p>\n<p>Si pu\u00f2 giocare con i colori, si pu\u00f2 rendere pi\u00f9 facile &#8230;<\/p>\nngg_shortcode_0_placeholder\n<p>Il tutorial Ciondolo Whimsical \u00e8 molto dettagliato (42 pagine), facile da seguire, passo per\u00a0 passo, con istruzioni chiare e foto a colori di ogni passo.<\/p>\n<p><strong>Materiale necessario:<\/strong><\/p>\n<ul>\n<li>Perline Miyuki Delica 11\/0 (2 colori)<\/li>\n<li>Miyuki rocailles 11\/0 e 15\/0<\/li>\n<li>Swarovski biconi 3mm (2 colori)<\/li>\n<li>Swarovski Chaton 8 mm<\/li>\n<li>Fireline 6 lb<\/li>\n<li>Aghi mis 12\u00a0 o meglio ancora Tulip 11<\/li>\n<\/ul>\n<p>Siete invitati a vendere oggetti apportate dai miei tutorial bordatura che hai acquistato.<\/p>\n<p>Il Tutorial Ciondolo Whimsical \u00e8 un file PDF.<\/p>\n<p><em>Istruzioni per il download:<\/em><br \/>\nDopo caver completato il pagamento sarete reindirizzati a ellad2.com dove si trova il link( s) per il download. Clicca su \u2018download\u2019 e scaricare inizier\u00e0. Salvare il documento sul computer.<\/p>\n<p>Si ricever\u00e0 anche una e-mail con la conferma d\u2019ordine con il link(s ) per il download. Clicca sul link(s) e download inizier\u00e0. Salvare il documento sul computer. Vi preghiamo di controllare la cartella spam\/junk.<\/p>\n","protected":false},"excerpt":{"rendered":"<p>Ciondolo Whimsical \u00e8 un bellissimo ciondolo a forma di fiore.  [&#8230;]<\/p>\n","protected":false},"featured_media":9670,"template":"","meta":{"ngg_post_thumbnail":0},"product_brand":[],"product_cat":[2279],"product_tag":[],"class_list":{"0":"post-9669","1":"product","2":"type-product","3":"status-publish","4":"has-post-thumbnail","6":"product_cat-ciondoli","8":"first","9":"instock","10":"downloadable","11":"virtual","12":"purchasable","13":"product-type-simple"},"_links":{"self":[{"href":"https:\/\/ellad2.com\/italiano\/wp-json\/wp\/v2\/product\/9669","targetHints":{"allow":["GET"]}}],"collection":[{"href":"https:\/\/ellad2.com\/italiano\/wp-json\/wp\/v2\/product"}],"about":[{"href":"https:\/\/ellad2.com\/italiano\/wp-json\/wp\/v2\/types\/product"}],"wp:featuredmedia":[{"embeddable":true,"href":"https:\/\/ellad2.com\/italiano\/wp-json\/wp\/v2\/media\/9670"}],"wp:attachment":[{"href":"https:\/\/ellad2.com\/italiano\/wp-json\/wp\/v2\/media?parent=9669"}],"wp:term":[{"taxonomy":"product_brand","embeddable":true,"href":"https:\/\/ellad2.com\/italiano\/wp-json\/wp\/v2\/product_brand?post=9669"},{"taxonomy":"product_cat","embeddable":true,"href":"https:\/\/ellad2.com\/italiano\/wp-json\/wp\/v2\/product_cat?post=9669"},{"taxonomy":"product_tag","embeddable":true,"href":"https:\/\/ellad2.com\/italiano\/wp-json\/wp\/v2\/product_tag?post=9669"}],"curies":[{"name":"wp","href":"https:\/\/api.w.org\/{rel}","templated":true}]}}