{"id":9589,"date":"2014-07-08T08:46:43","date_gmt":"2014-07-08T12:46:43","guid":{"rendered":"https:\/\/ellad2.com\/italiano\/?post_type=product&#038;p=9589"},"modified":"2021-04-07T12:06:25","modified_gmt":"2021-04-07T17:06:25","slug":"tutorial-triangular-drop-orecchini","status":"publish","type":"product","link":"https:\/\/ellad2.com\/italiano\/product\/tutorial-triangular-drop-orecchini\/","title":{"rendered":"Tutorial Triangular Drop Orecchini"},"content":{"rendered":"<p>Questo tutorial vi mostrera\u00a0 con istruzioni dettagliate e foto passo per passo come realiizare questi bellissimi orecchini.<\/p>\n<p>Per realizzare questi orecchini \u00e8 necessario avere familiarit\u00e0 con la tecnica peyote<\/p>\n<p>E &#8216;divertente e facile da realizzare. \u00c8 possibile renderli pi\u00f9 piccoli o pi\u00f9 grandi molto facilmente. Si pu\u00f2 giocare con i colori e con I cristalli, potete realizzare\u00a0 il vostro modello multi-colore e renderli pi\u00f9 unici &#8230;<\/p>\n<p>Nel tutorial Triangular Drop Orecchini troverete le istruzioni per entrambe le versioni.<\/p>\nngg_shortcode_0_placeholder\n<p>Materiale necessario:<\/p>\n<p>&#8211; Roc. Miyuki 11\/0, 15\/0<br \/>\n&#8211; Miyuki Delica 11\/0<br \/>\n&#8211; Swarovski Biconi 3mm (per la seconda versione, quella\u00a0 nera)<br \/>\n&#8211; Ganci per orecchini<br \/>\n&#8211; Fireline\u00a0 6 lb<br \/>\n&#8211; Aghi mis 12 o meglio ancora I tulip 11<\/p>\n<p>&nbsp;<\/p>\n","protected":false},"excerpt":{"rendered":"<p>Questo tutorial vi mostrera\u00a0 con istruzioni dettagliate e foto passo  [&#8230;]<\/p>\n","protected":false},"featured_media":9590,"template":"","meta":{"ngg_post_thumbnail":0},"product_brand":[],"product_cat":[2283],"product_tag":[],"class_list":{"0":"post-9589","1":"product","2":"type-product","3":"status-publish","4":"has-post-thumbnail","6":"product_cat-orecchini","8":"first","9":"instock","10":"downloadable","11":"virtual","12":"purchasable","13":"product-type-simple"},"_links":{"self":[{"href":"https:\/\/ellad2.com\/italiano\/wp-json\/wp\/v2\/product\/9589","targetHints":{"allow":["GET"]}}],"collection":[{"href":"https:\/\/ellad2.com\/italiano\/wp-json\/wp\/v2\/product"}],"about":[{"href":"https:\/\/ellad2.com\/italiano\/wp-json\/wp\/v2\/types\/product"}],"wp:featuredmedia":[{"embeddable":true,"href":"https:\/\/ellad2.com\/italiano\/wp-json\/wp\/v2\/media\/9590"}],"wp:attachment":[{"href":"https:\/\/ellad2.com\/italiano\/wp-json\/wp\/v2\/media?parent=9589"}],"wp:term":[{"taxonomy":"product_brand","embeddable":true,"href":"https:\/\/ellad2.com\/italiano\/wp-json\/wp\/v2\/product_brand?post=9589"},{"taxonomy":"product_cat","embeddable":true,"href":"https:\/\/ellad2.com\/italiano\/wp-json\/wp\/v2\/product_cat?post=9589"},{"taxonomy":"product_tag","embeddable":true,"href":"https:\/\/ellad2.com\/italiano\/wp-json\/wp\/v2\/product_tag?post=9589"}],"curies":[{"name":"wp","href":"https:\/\/api.w.org\/{rel}","templated":true}]}}