{"id":8284,"date":"2013-09-12T10:04:09","date_gmt":"2013-09-12T14:04:09","guid":{"rendered":"https:\/\/ellad2.com\/italiano\/?post_type=product&#038;p=8284"},"modified":"2021-04-07T12:06:21","modified_gmt":"2021-04-07T17:06:21","slug":"tutorial-orecchini-lilly","status":"publish","type":"product","link":"https:\/\/ellad2.com\/italiano\/product\/tutorial-orecchini-lilly\/","title":{"rendered":"Tutorial Orecchini Lilly"},"content":{"rendered":"<p>Questo \u00e8 un altro progetto che appartiene al mio gruppo perline geometriche.<\/p>\n<p>Si pu\u00f2 fare con le rocailles, ci\u00f2 dar\u00e0 loro forma morbid\u00a0 come un fiore di giglio o di calla.<\/p>\n<p>Se si realizza con le Delica, otterrete\u00a0 un aspetto pi\u00f9 drammatico, specialmente se si realizzano piu\u2019 giri.<\/p>\n<p>Per\u00a0 realizzare gli orecchini Lilly \u00a0\u00e8 necessario avere familiarit\u00e0 conla tecnica peyote.<\/p>\n<p>Si puo\u2019 realizzare\u00a0 la cima gli orecchini in un colore diverso \u2013 l\u2019ho spiegato nel tutorial,. Quando si capisce il principio, allora sar\u00e0 facile giocare con i colori, meno o pi\u00f9 giri &#8230;<\/p>\n<p>PeIl tutorial \u00e8 molto chiaro con foto passo per passo<\/p>\n<p>Materiale necessario:<\/p>\n<p>&#8211; Miyuki Delica 11\/0<br \/>\n&#8211; Miyuki rocailles 11\/0 e 15\/0<br \/>\n&#8211; Goccia \/ pera o qualsiasi altra forma che ti piace per il centro degli orecchini. Gli orecchini sono belli<br \/>\n-Monachelle<br \/>\n&#8211; Fireline Lb 4 o Nymo<\/p>\n<p>Siete invitati a vendere oggetti che si fanno da miei tutorial perline che avete acquistato. Vedere i miei Termini e condizioni<\/p>\n<p><em>Ellad2 and\u00a0\u00a0<a href=\"http:\/\/www.betti-bijoux.blogspot.com\/\">\u00a0Betty Bijoux<\/a><\/em><\/p>\nngg_shortcode_0_placeholder\n","protected":false},"excerpt":{"rendered":"<p>Questo \u00e8 un altro progetto che appartiene al mio gruppo  [&#8230;]<\/p>\n","protected":false},"featured_media":8299,"template":"","meta":{"ngg_post_thumbnail":0},"product_brand":[],"product_cat":[2283],"product_tag":[],"class_list":{"0":"post-8284","1":"product","2":"type-product","3":"status-publish","4":"has-post-thumbnail","6":"product_cat-orecchini","8":"first","9":"instock","10":"downloadable","11":"virtual","12":"purchasable","13":"product-type-simple"},"_links":{"self":[{"href":"https:\/\/ellad2.com\/italiano\/wp-json\/wp\/v2\/product\/8284","targetHints":{"allow":["GET"]}}],"collection":[{"href":"https:\/\/ellad2.com\/italiano\/wp-json\/wp\/v2\/product"}],"about":[{"href":"https:\/\/ellad2.com\/italiano\/wp-json\/wp\/v2\/types\/product"}],"wp:featuredmedia":[{"embeddable":true,"href":"https:\/\/ellad2.com\/italiano\/wp-json\/wp\/v2\/media\/8299"}],"wp:attachment":[{"href":"https:\/\/ellad2.com\/italiano\/wp-json\/wp\/v2\/media?parent=8284"}],"wp:term":[{"taxonomy":"product_brand","embeddable":true,"href":"https:\/\/ellad2.com\/italiano\/wp-json\/wp\/v2\/product_brand?post=8284"},{"taxonomy":"product_cat","embeddable":true,"href":"https:\/\/ellad2.com\/italiano\/wp-json\/wp\/v2\/product_cat?post=8284"},{"taxonomy":"product_tag","embeddable":true,"href":"https:\/\/ellad2.com\/italiano\/wp-json\/wp\/v2\/product_tag?post=8284"}],"curies":[{"name":"wp","href":"https:\/\/api.w.org\/{rel}","templated":true}]}}

<p>Questo è un altro progetto che appartiene al mio gruppo perline geometriche.</p>
<p>Si può fare con le rocailles, ciò darà loro forma morbid  come un fiore di giglio o di calla.</p>
<p>Se si realizza con le Delica, otterrete  un aspetto più drammatico, specialmente se si realizzano piu’ giri.</p>
<p>Per  realizzare gli orecchini Lilly  è necessario avere familiarità conla tecnica peyote.</p>
<p>Si puo’ realizzare  la cima gli orecchini in un colore diverso – l’ho spiegato nel tutorial,. Quando si capisce il principio, allora sarà facile giocare con i colori, meno o più giri &#8230;</p>
<p>PeIl tutorial è molto chiaro con foto passo per passo</p>
<p>Materiale necessario:</p>
<p>&#8211; Miyuki Delica 11/0<br />
&#8211; Miyuki rocailles 11/0 e 15/0<br />
&#8211; Goccia / pera o qualsiasi altra forma che ti piace per il centro degli orecchini. Gli orecchini sono belli<br />
-Monachelle<br />
&#8211; Fireline Lb 4 o Nymo</p>
<p>Siete invitati a vendere oggetti che si fanno da miei tutorial perline che avete acquistato. Vedere i miei Termini e condizioni</p>
<p><em>Ellad2 and  <a href="http://www.betti-bijoux.blogspot.com/"> Betty Bijoux</a></em></p>
ngg_shortcode_0_placeholder

<p>Questo è un altro progetto che appartiene al mio gruppo  [&#8230;]</p>
