{"id":10177,"date":"2015-04-12T10:53:40","date_gmt":"2015-04-12T14:53:40","guid":{"rendered":"https:\/\/ellad2.com\/italiano\/?post_type=product&#038;p=10177"},"modified":"2021-04-07T12:06:28","modified_gmt":"2021-04-07T17:06:28","slug":"tutorial-orecchini-alma","status":"publish","type":"product","link":"https:\/\/ellad2.com\/italiano\/product\/tutorial-orecchini-alma\/","title":{"rendered":"Tutorial Orecchini Alma"},"content":{"rendered":"<p>Orecchini Alma<\/p>\n<p>Questi deliziosi orecchini Alma sono realizzati con perline Coin beds della Swarovski. Quelli color\u00a0 oro sono realizzati con biconi Swarovski e perline e per l&#8217;altra variante ho sostituito i biconi con mezzicristalli. Ho spiegato solo una versione di orecchino, per l\u2019altra ho messo le variant nei punti dove occorre.<\/p>\nngg_shortcode_0_placeholder\n<p>Il tutorial \u00e8 molto dettagliato con spiegazioni e foto passo per passo.<br \/>\nLivello di progetto: intermedio, si dovrebbe avere familiarit\u00e0 con la tenica peyote.<\/p>\n<p><strong>Materiale occorrente:<\/strong><\/p>\n<ul>\n<li>Rocaille 11\/0, 15\/0, 8\/0<\/li>\n<li>Coin Beds della Swarovski da 16 millimetri<\/li>\n<li>Swarovski biconi 4mm per orecchini in oro o mezzicristalli da 4 mm per la seconda variante<\/li>\n<li>Ganci per orecchini<\/li>\n<li>Fireline 6 lb \u2013 ve lo consiglio vivamente per I vari passaggi nelle perline 15\/0<\/li>\n<li>Aghi mis\u00a0 12 o Tulip 11<\/li>\n<\/ul>\n<p>Il Tutorial \u00e8 un file PDF. Dopo aver completato il pagamento si verr\u00e0 reindirizzati alla ellad2.com dove troverete il link per scaricare il vostro tutorial acquistato. Si ricever\u00e0 anche una e-mail con la conferma d&#8217;ordine e il link per il download. (Per favore, controlla la tua cartella spam \/ junk)<\/p>\n<p>Siete invitati a vendere alcuni articoli che fate dei miei modelli bordare acquistati. Vedere i miei Termini e condizioni<\/p>\n<p>Copyright \u00a9 Ellad2<\/p>\n","protected":false},"excerpt":{"rendered":"<p>Orecchini Alma Questi deliziosi orecchini Alma sono realizzati con perline  [&#8230;]<\/p>\n","protected":false},"featured_media":10178,"template":"","meta":{"ngg_post_thumbnail":0},"product_brand":[],"product_cat":[2283],"product_tag":[],"class_list":{"0":"post-10177","1":"product","2":"type-product","3":"status-publish","4":"has-post-thumbnail","6":"product_cat-orecchini","8":"first","9":"instock","10":"downloadable","11":"virtual","12":"purchasable","13":"product-type-simple"},"_links":{"self":[{"href":"https:\/\/ellad2.com\/italiano\/wp-json\/wp\/v2\/product\/10177","targetHints":{"allow":["GET"]}}],"collection":[{"href":"https:\/\/ellad2.com\/italiano\/wp-json\/wp\/v2\/product"}],"about":[{"href":"https:\/\/ellad2.com\/italiano\/wp-json\/wp\/v2\/types\/product"}],"wp:featuredmedia":[{"embeddable":true,"href":"https:\/\/ellad2.com\/italiano\/wp-json\/wp\/v2\/media\/10178"}],"wp:attachment":[{"href":"https:\/\/ellad2.com\/italiano\/wp-json\/wp\/v2\/media?parent=10177"}],"wp:term":[{"taxonomy":"product_brand","embeddable":true,"href":"https:\/\/ellad2.com\/italiano\/wp-json\/wp\/v2\/product_brand?post=10177"},{"taxonomy":"product_cat","embeddable":true,"href":"https:\/\/ellad2.com\/italiano\/wp-json\/wp\/v2\/product_cat?post=10177"},{"taxonomy":"product_tag","embeddable":true,"href":"https:\/\/ellad2.com\/italiano\/wp-json\/wp\/v2\/product_tag?post=10177"}],"curies":[{"name":"wp","href":"https:\/\/api.w.org\/{rel}","templated":true}]}}