{"id":10062,"date":"2015-02-11T10:16:01","date_gmt":"2015-02-11T14:16:01","guid":{"rendered":"https:\/\/ellad2.com\/italiano\/?post_type=product&#038;p=10062"},"modified":"2021-04-07T12:06:27","modified_gmt":"2021-04-07T17:06:27","slug":"tutorial-ciondolo-koi","status":"publish","type":"product","link":"https:\/\/ellad2.com\/italiano\/product\/tutorial-ciondolo-koi\/","title":{"rendered":"Tutorial Ciondolo Koi"},"content":{"rendered":"<p>Tutorial Ciondolo Koi<\/p>\n<p>Giocando con la geometria e la tecnica peyote\u00a0 &#8230;<\/p>\n<p>Ho fatto questo tutorial utilizzando solo due colori di Miyuki Delica (\u00e8 pi\u00f9 facile da spiegare), ma \u00e8 possibile usare pi\u00f9 colori se si vuole, fsi posssono realizzare modelli differenti e rendere questo ciondolo pi\u00f9 bello. Inoltre, si pu\u00f2 giocare con la forma: renderlo pi\u00f9 piccolo, pi\u00f9 grande &#8230;<\/p>\nngg_shortcode_0_placeholder\n<p>Progetto livello di abilit\u00e0: intermedio. \u00c8 necessario avere familiarit\u00e0 con la tecnica peyote.<br \/>\nIl tutorial Ciondolo Koi \u00e8 molto dettahliato con foto e spiegarzioni passo per passo.<\/p>\n<p><strong>Lista Materiale:<\/strong><\/p>\n<ul>\n<li>Miyuki Delica 11\/0<\/li>\n<li>Rocaille 11\/0, 8\/0<\/li>\n<li>Superduo<\/li>\n<li>Swarovski rivoli 14 mm<\/li>\n<li>Fireline 6lb<\/li>\n<li>Aghi misura 12 o Tulip 11<\/li>\n<\/ul>\n<p>Istruzioni per il download:<\/p>\n<p>Una volta completato il pagamentosi\u00a0 verr\u00e0 reindirizzati a ellad2.com dove troverai i link per il download. Clicca su \u2018download\u2019 e puoi salvare il tuo tutorial<\/p>\n<p>Avrai anche un\u2019e-mail con la conferma d\u2019ordine con i link per il download. Clicca sul link e il download inizier\u00e0. Salvare il documento sul computer. Controlla la tua cartella spam \/ junk. Puoi sempre controllare lo stato dell\u2019ordine<\/p>\n<p>Siete i benvenuti a vendere tutti gli elementi che fai dai miei modelli di bordatura che hai acquistato. Vedi i Termini e Condizioni<\/p>\n<p>Copyright \u00a9 Ellad2 \u2013 2015<\/p>\n","protected":false},"excerpt":{"rendered":"<p>Tutorial Ciondolo Koi Giocando con la geometria e la tecnica  [&#8230;]<\/p>\n","protected":false},"featured_media":10063,"template":"","meta":{"ngg_post_thumbnail":0},"product_brand":[],"product_cat":[2279],"product_tag":[],"class_list":{"0":"post-10062","1":"product","2":"type-product","3":"status-publish","4":"has-post-thumbnail","6":"product_cat-ciondoli","8":"first","9":"instock","10":"downloadable","11":"virtual","12":"purchasable","13":"product-type-simple"},"_links":{"self":[{"href":"https:\/\/ellad2.com\/italiano\/wp-json\/wp\/v2\/product\/10062","targetHints":{"allow":["GET"]}}],"collection":[{"href":"https:\/\/ellad2.com\/italiano\/wp-json\/wp\/v2\/product"}],"about":[{"href":"https:\/\/ellad2.com\/italiano\/wp-json\/wp\/v2\/types\/product"}],"wp:featuredmedia":[{"embeddable":true,"href":"https:\/\/ellad2.com\/italiano\/wp-json\/wp\/v2\/media\/10063"}],"wp:attachment":[{"href":"https:\/\/ellad2.com\/italiano\/wp-json\/wp\/v2\/media?parent=10062"}],"wp:term":[{"taxonomy":"product_brand","embeddable":true,"href":"https:\/\/ellad2.com\/italiano\/wp-json\/wp\/v2\/product_brand?post=10062"},{"taxonomy":"product_cat","embeddable":true,"href":"https:\/\/ellad2.com\/italiano\/wp-json\/wp\/v2\/product_cat?post=10062"},{"taxonomy":"product_tag","embeddable":true,"href":"https:\/\/ellad2.com\/italiano\/wp-json\/wp\/v2\/product_tag?post=10062"}],"curies":[{"name":"wp","href":"https:\/\/api.w.org\/{rel}","templated":true}]}}